*m**2 - 510*m - 245. What is h(7)?
7
Let b(j) = -41622*j + 208045. Calculate b(5).
-65
Let j(g) = 17*g**2 - 1072*g + 2079. Determine j(2).
3
Let s(p) = -2*p**2 + 40950*p + 1066062. Give s(-26).
10
Let h(n) = n**3 - 47*n**2 - 138*n - 469. What is h(50)?
131
Let z(s) = s**3 - 104*s**2 + 845*s + 978. Give z(95).
28
Let w(a) = -18370*a - 661327. What is w(-36)?
-7
Let h(v) = -v**2 + 129*v - 277. What is h(122)?
577
Let a(f) = 359*f - 2951. What is a(11)?
998
Let s(q) = -6*q**3 - 1023*q**2 + 517*q + 559. Determine s(-171).
-125
Let i(m) = 411486*m + 2880436. Calculate i(-7).
34
Let l(o) = 8*o**3 - 330*o**2 + 68*o - 109. Give l(41).
-683
Let r(u) = 4140*u**2 - 3596*u. What is r(1)?
544
Let x(o) = 6*o**2 - 41*o - 13. Give x(-3).
164
Let l(u) = 2*u**3 + 3*u**2 - 3*u - 5. What is l(5)?
305
Let q(c) = -c**3 - 22*c**2 + 66*c - 156. Determine q(-25).
69
Let m(c) = -2*c**2 - 1667*c + 73558. Determine m(42).
16
Let o(r) = 722*r + 49116. Calculate o(-68).
20
Let d(u) = -7190*u + 345098. Calculate d(48).
-22
Let t(c) = 92*c**3 - 2*c**2 + 321*c + 963. Give t(-3).
-2502
Let h(s) = 48868*s + 781883. Determine h(-16).
-5
Let a(o) = 145742*o - 2477620. Determine a(17).
-6
Let s(a) = 14*a**2 - 34*a - 734. Calculate s(-10).
1006
Let n(w) = -3*w**3 + 52*w**2 - 27*w + 182. Calculate n(17).
12
Let l(x) = 1661*x - 77977. Calculate l(47).
90
Let m(h) = -h**2 + 1656*h - 43826. What is m(27)?
157
Let i(w) = -2453*w - 22209. What is i(-9)?
-132
Let d(u) = -164529*u + 987204. Determine d(6).
30
Let j(i) = -1447*i + 204015. Give j(141).
-12
Let t(k) = 93*k**2 - 2295*k + 5489. Determine t(22).
11
Let n(g) = -247*g + 9051. Calculate n(31).
1394
Let y(a) = 87*a - 5701. Calculate y(31).
-3004
Let p(r) = 7*r**2 + 150*r + 2561. What is p(-21)?
2498
Let y(q) = -96*q**3 - q**2 + 147*q - 286. Give y(2).
-764
Let m(z) = 208*z**2 + 23507*z + 353. Calculate m(-113).
14
Let w(r) = -r**2 + 7*r + 188. Calculate w(-27).
-730
Let b(a) = a**3 - 56*a**2 - 792*a + 22127. Calculate b(63).
14
Let k(o) = -3*o**2 - 3883*o + 569512. Determine k(133).
6
Let y(s) = -2*s**2 + 5108*s - 141454. What is y(28)?
2
Let a(x) = -8*x**2 + 5453*x - 16389. Give a(3).
-102
Let f(z) = -3*z**3 + 79*z**2 - 323*z + 15. Give f(5).
0
Let a(u) = -677*u - 6063. Determine a(-9).
30
Let j(b) = -52560*b - 893516. Calculate j(-17).
4
Let i(p) = 2*p**2 - 28*p - 1017. Calculate i(27).
-315
Let a(j) = 20*j**2 - 2375*j + 21295. Determine a(9).
1540
Let u(b) = 120*b**2 + 6480*b - 21. Determine u(-54).
-21
Let t(h) = -779*h - 9394. Determine t(-12).
-46
Let y(x) = -57140*x + 685665. Determine y(12).
-15
Let f(v) = -7*v**3 - 230*v**2 + 122*v - 282. What is f(-33)?
-3219
Let j(x) = -73*x**2 + 7914*x + 7915. Determine j(-1).
-72
Let n(m) = -m**3 + 85*m**2 + 1765*m - 3168. Give n(102).
-6
Let a(y) = y**3 + 91*y**2 + 184*y + 475. What is a(-89)?
-59
Let m(a) = -3176*a + 3221. Determine m(1).
45
Let q(k) = 9947*k + 2625872. Give q(-264).
-136
Let m(j) = 18471*j - 73884. Give m(4).
0
Let v(g) = -2*g**2 - 142*g + 2494. Give v(15).
-86
Let w(l) = l**2 + 404*l + 5819. What is w(-15)?
-16
Let a(w) = -52*w**2 + 1042*w - 1895. Give a(18).
13
Let u(i) = 3*i**3 + 130*i**2 + 281*i - 216. What is u(-41)?
30
Let b(u) = -225*u - 10914. Determine b(-51).
561
Let p(u) = -4*u**2 + 454*u + 7990. Calculate p(-17).
-884
Let q(b) = -b**3 + 68*b**2 + 335*b + 2210. Give q(73).
20
Let h(p) = -6*p**3 + 4*p**2 + 135*p - 409. Determine h(3).
-130
Let g(u) = -4845*u + 382754. What is g(79)?
-1
Let c(u) = 5*u**2 - 4870*u + 19467. Give c(4).
67
Let o(m) = -32*m**2 - 97*m + 30. Give o(-4).
-94
Let h(t) = 2074414*t + 12446485. Calculate h(-6).
1
Let w(s) = -2*s**2 - 274*s - 547. Give w(-133).
517
Let k(s) = s**2 - 18759*s + 131274. Determine k(7).
10
Let g(b) = -78*b - 166. Calculate g(-21).
1472
Let p(q) = q**2 + 1356*q - 6816. Calculate p(5).
-11
Let n(o) = 4*o**3 + 22*o**2 - 100*o - 281. What is n(-5)?
269
Let n(t) = 18*t**2 + 379*t - 29. Give n(-21).
-50
Let j(d) = -634*d + 59655. Give j(94).
59
Let c(k) = -k**3 + 7*k**2 - 147*k + 2110. Determine c(11).
9
Let p(g) = 48*g + 8609. What is p(-201)?
-1039
Let k(o) = -o**3 + 1465*o**2 + 7403*o + 260. Determine k(-5).
-5
Let g(b) = 7122*b - 1196504. Give g(168).
-8
Let j(h) = 9959*h + 169317. What is j(-17)?
14
Let q(v) = -v**3 + 37*v**2 - 143*v + 1375. Determine q(34).
-19
Let l(u) = 72923*u - 1166768. Determine l(16).
0
Let k(t) = -2*t**3 - 2*t**2 + 168*t + 940. What is k(-6)?
292
Let o(i) = -922963*i + 4614816. Give o(5).
1
Let v(m) = -3390*m - 152486. What is v(-45)?
64
Let g(c) = c**2 + 54*c + 670. Give g(-42).
166
Let b(r) = -4*r**2 - 84*r - 261. What is b(-3)?
-45
Let q(j) = j**3 - 18*j**2 + 174*j - 1951. What is q(15)?
-16
Let k(x) = x**3 - 57*x**2 + 684*x - 1697. Give k(12).
31
Let p(x) = -3*x**2 - 429*x + 176. Give p(-135).
3416
Let n(b) = -b**3 + 9*b**2 + 57*b + 103. What is n(17)?
-1240
Let q(n) = n**2 - 4780*n - 47751. Calculate q(-10).
149
Let b(t) = -t**3 + 4197*t**2 - 25150*t + 22. Give b(6).
-2
Let u(v) = -2*v**3 - 221*v**2 - 779*v - 2937. Determine u(-107).
273
Let c(a) = -4*a**3 + 84*a**2 + 116*a - 615. Calculate c(22).
1
Let j(l) = -77956*l + 779515. Calculate j(10).
-45
Let y(j) = j**3 - 179*j**2 - 1887*j - 390. Give y(189).
177
Let n(o) = 11050*o - 113740. Calculate n(10).
-3240
Let k(s) = -51*s**2 + 3572*s - 153. What is k(70)?
-13
Let o(g) = -50*g - 1029. Give o(-13).
-379
Let j(s) = 5*s**2 - 33*s - 12599. What is j(-47)?
-3
Let x(a) = -47116*a + 141273. Determine x(3).
-75
Let a(r) = -74*r**2 - 376*r + 373. Give a(1).
-77
Let c(p) = -152*p - 9771. Calculate c(-68).
565
Let q(w) = -w**3 + 473*w**2 + 79119*w + 3002. Calculate q(604).
-18
Let a(p) = 86*p**2 + p + 21. Determine a(-2).
363
Let w(i) = -7553*i - 558930. Give w(-74).
-8
Let k(r) = 89*r**2 - 1661*r - 557. Determine k(19).
13
Let g(f) = 11*f**2 - 91*f - 454. Determine g(-3).
-82
Let u(f) = 525409*f + 1576243. What is u(-3)?
16
Let f(c) = 337050*c + 337044. Give f(-1).
-6
Let k(o) = -412*o + 23916. Determine k(56).
844
Let b(p) = p**3 - 44*p**2 + 482*p - 8226. Give b(37).
25
Let u(f) = -6197*f - 303624. Give u(-49).
29
Let p(w) = 3632*w + 174119. Give p(-48).
-217
Let u(n) = 5*n**2 - 665*n - 1283. Give u(135).
67
Let d(o) = -37*o**2 - 393*o - 482. Give d(-7).
456
Let b(a) = 9*a**3 + 8812*a**2 + 671*a - 301551. Give b(-979).
-19
Let t(m) = m**3 - 32*m**2 - 23*m - 248. Determine t(33).
82
Let v(k) = -6*k**2 - 642*k + 7782. Calculate v(-118).
-6
Let f(c) = -3571*c + 46334. What is f(13)?
-89
Let i(t) = -2*t**3 + 44*t**2 - 59*t + 83. Calculate i(20).
503
Let t(l) = -l**3 - 114*l**2 + 558*l + 178. Calculate t(5).
-7
Let f(b) = -5*b**2 - 10146*b + 223555. Give f(-2051).
-4
Let l(a) = -1876*a + 119660. Give l(64).
-404
Let h(a) = -151*a - 11469. Determine h(-75).
-144
Let s(u) = -2*u**3 + 159*u**2 + 774*u - 1523. Calculate s(84).
-11
Let i(d) = d**3 + 3591*d**2 - 25167*d + 15. Calculate i(7).
148
Let d(b) = -598128*b + 5383147. Give d(9).
-5
Let m(i) = 121571*i - 7902109. What is m(65)?
6
Let v(c) = -c**3 + 2*c**2 + 23852*c - 23849. Calculate v(1).
4
Let d(m) = -56*m**2 + 1296*m + 7941. Calculate d(-5).
61
Let k(i) = 91*i + 839. What is k(-10)?
-71
Let w(g) = -2*g**2 - 1448*g - 106413. Calculate w(-83).
-7
Let a(k) = -k**2 - 542*k - 56351. Calculate a(-141).
190
Let r(a) = 52*a**2 - 17090*a + 100553. Calculate r(6).
-115
Let r(d) = 4958*d + 128901. What is r(-26)?
-7
Let s(v) = -2*v**2 + 26965*v - 188688. Determine s(7).
-31
Let y(b) = 2*b**3 + 15*b**2 - 249*b - 1399. Give y(-5).
-29
Let m(d) = 17429*d - 1307220. Give m(75).
-45
Let c(i) = 13*i**2 + 115*i - 433. Calculate c(-13).
269
Let c(n) = n**2 - 4*n - 24. Calculate c(-16).
296
Let z(g) = g**3 + 31*g**2 + 107*g + 101. Calculate z(-2).
3
Let z(l) = -31701*l**2 + 285308*l + 6. Calculate z(9).
-3
Let j(a) = 33*a**3 - 20*a**2 - 29*a - 152. What is j(-4)?
-2468
Let z(a) = -6*a**2 - 180*a - 199. Determine z(-1).
-25
Let r(i) = -13*i**3 - 489*i**2 - 323*i - 992. Determine r(-37).
7
Let i(z) = -404*z + 25385. Determine i(64).
-471
Let z(b) = -b**2 - 14420*b - 402575. What is z(-28)?
401
Let z(l) = -l**2 + 2203*l + 8847. Calculate z(-4).
19
Let o(h) = 16*h**3 - 7*h**2 - 68*h + 208. Determine o(5).
1693
Let k(q) = 215*q**3 + 645*q**2 - 32*q - 92. Give k(-3).
4
Let x(u) = -618*u**2 - 3720*u - 91. D